*j - 36 - 8 = w. What is the highest common factor of g and j?
11
Let o be 3/(-12) - (-4527)/12. Let t = o - 230. Let u(q) = -q**3 + 5*q**2 + 3*q + 6. Let m be u(5). What is the greatest common factor of t and m?
21
Suppose -5*a + 5*d = -0*d - 50, -d = -1. Calculate the highest common factor of 44 and a.
11
Suppose -2*x + x - 12 = -2*l, -3*l = -x - 7. Let c = -18 - x. Suppose 110 = r + 4*t, r + c*t - 105 = t. What is the highest common factor of r and 9?
9
Suppose 4*q - i = 54 + 47, i = 5*q - 126. Calculate the highest common factor of q and 10.
5
Let x(z) = 4*z**2 + 43*z + 38. Let t be x(-18). What is the highest common divisor of 80 and t?
80
Suppose -65*w + 540 = -55*w. Calculate the greatest common divisor of w and 297.
27
Let u = -6114 - -6129. Suppose -106 = -4*v + 3*t, 2*v - 13 - 31 = -3*t. Calculate the highest common divisor of u and v.
5
Suppose g - 4*o = -2 - 0, 0 = g + 4*o - 38. Let u = -175 - -173. Let h be (-9)/3 - (6/u + -12). Calculate the greatest common divisor of g and h.
6
Let m = 38 + 48. Let f = m - 42. What is the greatest common factor of 11 and f?
11
Let o(j) = 3*j - 5. Suppose 0*a - c = -a + 10, -29 = -5*a - 2*c. Let x be o(a). What is the highest common factor of x and 24?
8
Let g be 7449/26 + 3/2. Calculate the greatest common divisor of g and 9.
9
Suppose -22*s + 2230 = 448. Calculate the greatest common divisor of 24 and s.
3
Suppose 2 = g - 0*j + 5*j, 4*j = -5*g - 74. Suppose -248 = -4*w + 2*q, 5*q - 43 = -3*w + 143. Let x = w + g. What is the highest common divisor of x and 22?
22
Suppose -4*b - 5*x - 1422 + 5406 = 0, 2*x + 2010 = 2*b. Calculate the greatest common factor of 154 and b.
77
Suppose -p - 2*m + 0 = -32, 5*p - 3*m - 134 = 0. Suppose 12*v - 6*v - 672 = 0. What is the greatest common divisor of p and v?
28
Let k(n) = n**3 + 7*n**2 + 11*n + 4. Let o be k(-3). Calculate the highest common divisor of 301 and o.
7
Let n = -4 - -7. Suppose -n*a = -2*g + 38 - 2, g + 3*a = 9. Suppose -6 = -f + g. What is the greatest common factor of f and 84?
21
Let q = -127 + 115. Let h(x) = -5*x - 52. Let l be h(q). What is the greatest common divisor of l and 2?
2
Let d be -2 - 2 - 8*12/(-3). Let c be (-112)/(-3)*(3 - -1 - 1). What is the greatest common factor of c and d?
28
Let r(y) = -8*y - 65. Let n be r(-10). Calculate the greatest common divisor of 25 and n.
5
Let v = -635 + 932. Let o be 2/20 + (-3411)/(-90). Let l be 4/o - 1533/(-57). Calculate the highest common factor of v and l.
27
Let g be (0 + -2)*1*-1. Let q = 154 + -87. Suppose 3*u - 5*y - q = 0, 2*u + 80 = 7*u - g*y. Calculate the greatest common factor of 14 and u.
14
Let q(z) = 84*z**3 - 159*z**3 + z + 76*z**3 + 5 + 4*z**2. Let k be -1 + 2 - (-2 + 7). Let y be q(k). What is the highest common factor of y and 1?
1
Let g = 23 - 19. Suppose 2*i - t = t + 20, 2*t + 40 = g*i. Calculate the greatest common factor of 80 and i.
10
Let z(d) = 18*d - 2. Let k be z(3). Calculate the greatest common factor of k and 364.
52
Suppose 4*n = -4*o + 1540, -2*n = -0*o + o - 767. Calculate the greatest common divisor of 2 and n.
2
Let u = -246 - -260. What is the highest common divisor of u and 70?
14
Suppose 7 = -x + 11. Suppose 22 = x*p + 10. Calculate the highest common divisor of 33 and p.
3
Let u be (-6)/(-4) - (-155)/62. Calculate the highest common factor of 148 and u.
4
Let b be 0*2/(-6) - -2 - 0. Suppose 4*i - 3 = h, -b*i = -h - 0*i - 1. Calculate the greatest common factor of 13 and h.
1
Suppose -2*u + 13 = -1. Let s be (63/(-6))/u*-18. Calculate the greatest common divisor of s and 27.
27
Let c = 5295 - 5273. Suppose 4*w = w + 231. Calculate the greatest common divisor of w and c.
11
Suppose 7*r - 101 + 3 = 0. Let i = -374 - -199. Let s = i - -245. Calculate the greatest common divisor of s and r.
14
Suppose 2*l - 506 = -20*l. Calculate the greatest common factor of 1633 and l.
23
Suppose -159 + 645 = -2*x. Let v = x - -35. Let w = v - -307. Calculate the greatest common divisor of w and 11.
11
Let k(h) = -3*h**3 - 4*h**2 + 2*h + 6. Let o be k(-2). Calculate the highest common factor of 430 and o.
10
Let d = 99 - 93. Suppose 2*y = -2*s, 3*s + 9 = 5*y - s. What is the highest common divisor of d and y?
1
Let y be (-674)/4*-2 + (-259)/259. Calculate the highest common factor of y and 32.
16
Suppose -5*t = -5*v - 1065 - 3270, 3*t - 2*v - 2606 = 0. What is the highest common divisor of t and 109?
109
Let p be (-1 - 0)/((-6)/114). Let w = 41 - p. Let y be ((-28)/(-5))/(12/330). What is the greatest common divisor of y and w?
22
Let q = 885 + -533. Calculate the greatest common divisor of q and 33.
11
Let s = 58 + -43. Suppose -y = -2*y + s. What is the highest common factor of 15 and y?
15
Suppose 0 = -2*u - 3*u + 3*b + 128, -5*u + 5*b = -120. Let t = 34 - u. Calculate the greatest common divisor of t and 42.
6
Let z(v) = -2*v - 16. Let k be z(-9). Suppose 4*i + 8 = 0, k*i - i + 104 = 3*g. What is the highest common divisor of 51 and g?
17
Suppose -5*c = -c - 20. Let o be (-4)/(-10) - 16/(-10). Suppose u = o*m + 7, -m = 4*u - 0*m - 19. What is the greatest common factor of u and c?
5
Suppose -31*d = 378 - 1463. What is the greatest common factor of d and 65?
5
Suppose -4*o = -2*q - 172, -2*o - 2*q + 4*q = -90. Let x be 3 + o + -1 - 1. Calculate the greatest common divisor of x and 21.
21
Let r = -18 - -23. Suppose -g = -3*i + 517, -r*g + 481 = 5*i - 354. What is the greatest common factor of 19 and i?
19
Suppose -3*o - 15 = 0, g - 27 = 4*o - 1. Let z(f) = -10*f + 9*f - 4 + 14. Let m be z(7). What is the highest common factor of g and m?
3
Let g be 1*(1380/4 - 3). Suppose 6 = 3*z - 3. Suppose z*b - g = b. Calculate the greatest common factor of b and 19.
19
Let i = 384 + -224. Let x = 1610 - 1594. What is the highest common factor of i and x?
16
Let n be (-6)/(-24) - (-14)/8. Suppose q + q = -2*b + 70, -b = -n*q + 73. Calculate the highest common factor of q and 90.
18
Suppose -2*n = 2 - 20. Suppose -5*a = -20, h - a + 5*a = 61. What is the greatest common factor of h and n?
9
Suppose 5*l + q + 3*q = 676, 5*q + 549 = 4*l. Let p = l - 103. Calculate the greatest common divisor of 11 and p.
11
Suppose 4*w - 183 = 5*x - 39, 0 = -3*w + 5*x + 108. Let n be (2/3)/((-2)/w). Let v be (-9)/n*(5 + 3). Calculate the greatest common divisor of v and 2.
2
Let a be (-4 - (-24)/4)*2. Let t(y) = -y - 1. Let k be t(-8). Suppose 5*o - k*o = -56. Calculate the highest common divisor of o and a.
4
Let x(d) = -d**3 - 9*d**2 - 12*d + 22. Let o be x(-7). Calculate the highest common factor of 72 and o.
8
Let v(o) = -4*o - o - 2*o. Let y be v(-2). Calculate the highest common factor of 56 and y.
14
Suppose 82*t = 542 + 10364. What is the greatest common factor of 49 and t?
7
Suppose 7*w - 2*w - 147 = 3*c, -5*w - 5*c + 155 = 0. Calculate the greatest common divisor of w and 150.
30
Let y be 10479/42 + (-1)/(-2). Let n = y - 118. What is the highest common divisor of 22 and n?
22
Let y be (-4)/2 - -5 - 4/4. Suppose -175 = -y*c - 145. Calculate the highest common factor of c and 10.
5
Suppose 2*v - 42 = -2*r - 12, -4*r = v - 45. Let t be (-422)/(-7) - 2/7. Calculate the highest common divisor of t and r.
10
Let t = -2600 - -2648. What is the highest common divisor of t and 2256?
48
Let q be (-1)/(35/(-710)) + (-2)/7. What is the highest common factor of 40 and q?
20
Let d = -59 - -60. Let s(a) = -a + 23. Let k be s(15). Calculate the greatest common divisor of d and k.
1
Suppose 69 = 2*h - 39. Suppose -h + 9 = -b. Let g = 18 - 13. What is the greatest common factor of b and g?
5
Suppose 0 = 11*y - 102 - 998. Calculate the greatest common factor of y and 60.
20
Let s(j) = -7*j**3. Let u be s(-1). Let g be 16/28 - (-5064)/56. Calculate the greatest common factor of u and g.
7
Let q = -1 + 17. Suppose -q = -3*j + 29. Let z(x) = 34*x**2 + 2*x + 3. Let k be z(-2). What is the greatest common divisor of j and k?
15
Let n(u) = 2*u**2 - 2. Let s be n(3). Let d(v) = -3*v**3 - 9*v**2 + 16*v + 40. Let q be d(-4). What is the highest common factor of s and q?
8
Let f be (-2)/(-10) + (-42)/10. Let u = -1 - f. Suppose -3*h + 23 = -58. What is the highest common divisor of h and u?
3
Let f(x) = 63*x + 4107. Let r be f(-65). Suppose -y + 11 = -13. What is the highest common factor of y and r?
12
Let f(v) =